 prime?
False
Is 55049031367 a composite number?
True
Is 8650918207 a prime number?
True
Is 1380455099 composite?
False
Is 14977297669 prime?
True
Is 90826831129 a prime number?
False
Is 9370581263 composite?
False
Is 679019177 a composite number?
False
Is 6057008609 a composite number?
False
Is 474472979 a prime number?
True
Is 6000161122 prime?
False
Is 50396293 prime?
False
Is 2152891789 prime?
True
Is 1845646369 composite?
True
Is 187326022171 prime?
True
Is 3708676511 prime?
True
Is 7704450037 prime?
True
Is 4419949957 prime?
False
Is 9426496969 prime?
True
Is 31954907371 a prime number?
True
Is 1156907357 composite?
False
Is 9675763939 prime?
True
Is 8452244167 prime?
True
Is 48541165811 a prime number?
True
Is 11512741973 composite?
True
Is 6000464361 a prime number?
False
Is 17365303931 prime?
True
Is 847909121 a prime number?
True
Is 1398758947 composite?
False
Is 34802857 a prime number?
True
Is 26004143939 composite?
False
Is 3572551163 a composite number?
False
Is 643905683 a composite number?
False
Is 489908387 a composite number?
True
Is 96016719 a composite number?
True
Is 2192138899 a composite number?
True
Is 58364960293 composite?
False
Is 14955845669 prime?
True
Is 144864823267 prime?
True
Is 9321665117 prime?
False
Is 4014193387 composite?
True
Is 44322487961 composite?
False
Is 2063526547 a prime number?
True
Is 3324533423 a composite number?
False
Is 33632959963 a prime number?
True
Is 42532065039 prime?
False
Is 178305150277 composite?
True
Is 24277807703 a composite number?
False
Is 5210453453 a composite number?
True
Is 25288752397 a prime number?
False
Is 290633677 prime?
True
Is 302831381 a prime number?
False
Is 275771489 a composite number?
True
Is 22286810081 a composite number?
False
Is 19108329249 prime?
False
Is 18301897351 a prime number?
False
Is 875993695 a composite number?
True
Is 26464013 a prime number?
False
Is 2103675347 a prime number?
True
Is 297670229 prime?
False
Is 72872947393 composite?
False
Is 6631182109 a prime number?
False
Is 1634449409 a composite number?
False
Is 79013269 composite?
False
Is 224546453 composite?
False
Is 2248040071 composite?
True
Is 14088933857 prime?
True
Is 3002971973 composite?
True
Is 139577843 prime?
True
Is 7536452221 prime?
True
Is 705629941 a prime number?
False
Is 128591096827 composite?
False
Is 146844361141 prime?
False
Is 119187895769 prime?
True
Is 167773103 a prime number?
False
Is 152115416521 composite?
False
Is 3848108591 a prime number?
False
Is 3111406841 prime?
True
Is 506752783 composite?
False
Is 21094804937 prime?
False
Is 3719675639 composite?
False
Is 2800259489 prime?
True
Is 397380437 a composite number?
False
Is 6651492083 prime?
False
Is 13576710529 a composite number?
False
Is 184597381 a composite number?
True
Is 261981133 prime?
True
Is 39818321573 composite?
True
Is 215916467653 composite?
False
Is 2663544839 a prime number?
False
Is 3433127809 a prime number?
True
Is 18930490459 prime?
False
Is 452492347 a composite number?
True
Is 58239729403 a composite number?
True
Is 46131805769 prime?
False
Is 160212731241 a prime number?
False
Is 87836463989 composite?
False
Is 5353402669 a prime number?
False
Is 89808608081 composite?
True
Is 992436889 prime?
True
Is 548202581 composite?
True
Is 985789967 composite?
False
Is 32810963 a prime number?
True
Is 4752005269 a composite number?
True
Is 525076751 a prime number?
True
Is 21610580063 a composite number?
True
Is 2992913311 a prime number?
True
Is 962997173 prime?
True
Is 1495241051 prime?
True
Is 43711991633 prime?
False
Is 1492152257 prime?
False
Is 147292980863 composite?
True
Is 6819192871 a prime number?
False
Is 4986092411 composite?
False
Is 1501140323 a composite number?
False
Is 728896737 prime?
False
Is 795359311 a prime number?
True
Is 13464513341 prime?
True
Is 1440874871 a composite number?
False
Is 149381816723 prime?
True
Is 14245227677 a prime number?
True
Is 14687328739 a prime number?
True
Is 163490362257 composite?
True
Is 412401191 prime?
True
Is 1305236981 a prime number?
True
Is 76409803261 composite?
True
Is 500935517 composite?
False
Is 2071281919 composite?
True
Is 654200537 a prime number?
True
Is 2465008769 prime?
True
Is 163941347 a composite number?
True
Is 13758866467 prime?
True
Is 304345157 a composite number?
True
Is 27746026739 prime?
False
Is 4759947653 composite?
False
Is 424141057 a composite number?
True
Is 7816472689 a composite number?
True
Is 3513538381 a composite number?
True
Is 2629382291 composite?
False
Is 16961348293 composite?
False
Is 173528093 composite?
True
Is 37473813859 composite?
True
Is 102315821 a composite number?
False
Is 36857048341 prime?
False
Is 9525409237 a prime number?
False
Is 827219959 a prime number?
False
Is 1827416693 composite?
False
Is 10728531458 a prime number?
False
Is 1900287323 a prime number?
False
Is 7268695657 a composite number?
True
Is 1446453683 a prime number?
True
Is 278080171 prime?
True
Is 2872609977 prime?
False
Is 339347623 prime?
False
Is 13251143881 a prime number?
False
Is 13559965481 composite?
False
Is 184590102679 composite?
True
Is 285480191 a prime number?
True
Is 94174573 composite?
False
Is 5051706469 a composite number?
False
Is 68149009723 a composite number?
False
Is 703766431 a composite number?
True
Is 46973914817 prime?
True
Is 7695348059 prime?
False
Is 70599640157 composite?
True
Is 6416951935 a prime number?
False
Is 155906945 a prime number?
False
Is 9150234607 prime?
True
Is 12653917405 prime?
False
Is 56973619 composite?
False
Is 21126055693 prime?
False
Is 14466868277 composite?
True
Is 369069257 prime?
False
Is 121910827 a prime number?
False
Is 200581187 prime?
True
Is 5888367079 a prime number?
False
Is 190252429 a composite number?
True
Is 5166319439 a composite number?
False
Is 21224115617 a prime number?
True
Is 507205337 prime?
False
Is 1939952129 a composite number?
True
Is 19124009 a composite number?
False
Is 13840320251 prime?
True
Is 17837313061 composite?
True
Is 23517625247 a prime number?
True
Is 4601801413 composite?
True
Is 4046047861 a composite number?
True
Is 4654530053 composite?
False
Is 1755339067 a composite number?
True
Is 5648670101 a prime number?
True
Is 7157039129 prime?
False
Is 10353710369 a composite number?
False
Is 20554327081 a composite number?
False
Is 2204010955 prime?
False
Is 2117576191 a prime number?
False
Is 8589379759 a prime number?
True
Is 1228308719 a prime number?
False
Is 9107636503 composite?
True
Is 188343816069 prime?
False
Is 5336449219 a composite number?
True
Is 988752143 prime?
True
Is 9079470033 a composite number?
True
Is 1159187257 a prime number?
True
Is 1348468493 composite?
True
Is 10963131821 a composite number?
False
Is 42129135929 a prime number?
True
Is 2446267897 a composite number?
False
Is 18021568333 a prime number?
False
Is 28771775349 a composite number?
True
Is 2319039809 a prime number?
False
Is 1526777227 a prime number?
True
Is 6909717869 prime?
True
Is 1868869493 a prime number?
True
Is 519961753 a composite number?
True
Is 1025763653 composite?
False
Is 11598301921 composite?
True
Is 11994769574 composite?
True
Is 2585936777 composite?
False
Is 7275783101 a prime number?
True
Is 6097372843 a composite number?
False
Is 24207738803 prime?
False
Is 3988239773 prime?
False
Is 976507697 prime?
False
Is 34792619413 composite?
True
Is 66331798037 a composite number?
True
Is 1078955369 a prime number?
False
Is 1175395843 composite?
False
Is 166926397927 a prime number?
True
Is 203022527 a composite number?
False
Is 10955263313 a prime number?
True
Is 3773453443 composite?
False
Is 13190999 a prime number?
True
Is 1566566693 a prime number?
True
Is 476407421 composite?
True
Is 36432095897 prime?
True
Is 8224005169 a composite number?
False
Is 1717794151 composite?
True
Is 20737578349 a prime number?
True
Is 1358709533 prime?
True
Is 8226801197 a composite number?
False
Is 2996057039 prime?
True
Is 83471734165 prime?
False
Is 1324777001 composite?
True
Is 555209581 a composite number?
True
Is 17123463527 composite?
False
Is 1252582129 prime?
True
Is 13382685665 a composite number?
True
Is 2102415079 a prime number?
True
Is 34349955143 prime?
False
Is 4845082591 a composite number?
True
Is 66565354111 composite?